{"id":8967,"date":"2022-05-13T14:20:47","date_gmt":"2022-05-13T14:20:47","guid":{"rendered":"https:\/\/trimaransvrlazartigue.com\/?post_type=arts_portfolio_item&#038;p=8967"},"modified":"2025-09-15T18:53:14","modified_gmt":"2025-09-15T18:53:14","slug":"jean-marie-clement","status":"publish","type":"arts_portfolio_item","link":"https:\/\/trimaransvrlazartigue.com\/en\/equipe\/jean-marie-clement\/","title":{"rendered":"Jean-Marie Cl\u00e9ment"},"featured_media":29905,"template":"","class_list":["post-8967","arts_portfolio_item","type-arts_portfolio_item","status-publish","has-post-thumbnail","hentry","arts_portfolio_category-responsable-electronique"],"acf":[],"yoast_head":"<!-- This site is optimized with the Yoast SEO plugin v27.5 - https:\/\/yoast.com\/product\/yoast-seo-wordpress\/ -->\n<title>Jean-Marie Cl\u00e9ment - Trimaran SVR Lazartigue<\/title>\n<meta name=\"robots\" content=\"index, follow, max-snippet:-1, max-image-preview:large, max-video-preview:-1\" \/>\n<link rel=\"canonical\" href=\"https:\/\/trimaransvrlazartigue.com\/en\/equipe\/jean-marie-clement\/\" \/>\n<meta property=\"og:locale\" content=\"en_US\" \/>\n<meta property=\"og:type\" content=\"article\" \/>\n<meta property=\"og:title\" content=\"Jean-Marie Cl\u00e9ment - Trimaran SVR Lazartigue\" \/>\n<meta property=\"og:description\" content=\"Jean-Marie Cl\u00e9ment Responsable \u00e9lectronique \u00a0 Mon travail s\u2019articule autour des syst\u00e8mes \u00e9lectroniques \u00e0 bord du bateau, notamment les syst\u00e8mes informatiques et de communications avec la Terre. Participer \u00e0 un projet sportif de cette ampleur est une opportunit\u00e9 exceptionnelle pousse \u00e0 chaque fois \u00e0 chercher les meilleures solutions pour permettre \u00e0 Fran\u00e7ois et au bateau de [&hellip;]\" \/>\n<meta property=\"og:url\" content=\"https:\/\/trimaransvrlazartigue.com\/en\/equipe\/jean-marie-clement\/\" \/>\n<meta property=\"og:site_name\" content=\"Trimaran SVR Lazartigue\" \/>\n<meta property=\"article:modified_time\" content=\"2025-09-15T18:53:14+00:00\" \/>\n<meta property=\"og:image\" content=\"https:\/\/trimaransvrlazartigue.com\/wp-content\/uploads\/2022\/05\/PORTRAIT_MER_CONCEPT_2025_PARTIE_2-2-scaled-e1757962386858.jpg\" \/>\n\t<meta property=\"og:image:width\" content=\"1707\" \/>\n\t<meta property=\"og:image:height\" content=\"1620\" \/>\n\t<meta property=\"og:image:type\" content=\"image\/jpeg\" \/>\n<meta name=\"twitter:card\" content=\"summary_large_image\" \/>\n<meta name=\"twitter:label1\" content=\"Est. reading time\" \/>\n\t<meta name=\"twitter:data1\" content=\"1 minute\" \/>\n<script type=\"application\/ld+json\" class=\"yoast-schema-graph\">{\"@context\":\"https:\\\/\\\/schema.org\",\"@graph\":[{\"@type\":\"WebPage\",\"@id\":\"https:\\\/\\\/trimaransvrlazartigue.com\\\/equipe\\\/jean-marie-clement\\\/\",\"url\":\"https:\\\/\\\/trimaransvrlazartigue.com\\\/equipe\\\/jean-marie-clement\\\/\",\"name\":\"Jean-Marie Cl\u00e9ment - Trimaran SVR Lazartigue\",\"isPartOf\":{\"@id\":\"https:\\\/\\\/trimaransvrlazartigue.com\\\/#website\"},\"primaryImageOfPage\":{\"@id\":\"https:\\\/\\\/trimaransvrlazartigue.com\\\/equipe\\\/jean-marie-clement\\\/#primaryimage\"},\"image\":{\"@id\":\"https:\\\/\\\/trimaransvrlazartigue.com\\\/equipe\\\/jean-marie-clement\\\/#primaryimage\"},\"thumbnailUrl\":\"https:\\\/\\\/trimaransvrlazartigue.com\\\/wp-content\\\/uploads\\\/2022\\\/05\\\/PORTRAIT_MER_CONCEPT_2025_PARTIE_2-2-scaled-e1757962386858.jpg\",\"datePublished\":\"2022-05-13T14:20:47+00:00\",\"dateModified\":\"2025-09-15T18:53:14+00:00\",\"breadcrumb\":{\"@id\":\"https:\\\/\\\/trimaransvrlazartigue.com\\\/equipe\\\/jean-marie-clement\\\/#breadcrumb\"},\"inLanguage\":\"en-US\",\"potentialAction\":[{\"@type\":\"ReadAction\",\"target\":[\"https:\\\/\\\/trimaransvrlazartigue.com\\\/equipe\\\/jean-marie-clement\\\/\"]}]},{\"@type\":\"ImageObject\",\"inLanguage\":\"en-US\",\"@id\":\"https:\\\/\\\/trimaransvrlazartigue.com\\\/equipe\\\/jean-marie-clement\\\/#primaryimage\",\"url\":\"https:\\\/\\\/trimaransvrlazartigue.com\\\/wp-content\\\/uploads\\\/2022\\\/05\\\/PORTRAIT_MER_CONCEPT_2025_PARTIE_2-2-scaled-e1757962386858.jpg\",\"contentUrl\":\"https:\\\/\\\/trimaransvrlazartigue.com\\\/wp-content\\\/uploads\\\/2022\\\/05\\\/PORTRAIT_MER_CONCEPT_2025_PARTIE_2-2-scaled-e1757962386858.jpg\",\"width\":1707,\"height\":1620},{\"@type\":\"BreadcrumbList\",\"@id\":\"https:\\\/\\\/trimaransvrlazartigue.com\\\/equipe\\\/jean-marie-clement\\\/#breadcrumb\",\"itemListElement\":[{\"@type\":\"ListItem\",\"position\":1,\"name\":\"Accueil\",\"item\":\"https:\\\/\\\/trimaransvrlazartigue.com\\\/\"},{\"@type\":\"ListItem\",\"position\":2,\"name\":\"Jean-Marie Cl\u00e9ment\"}]},{\"@type\":\"WebSite\",\"@id\":\"https:\\\/\\\/trimaransvrlazartigue.com\\\/#website\",\"url\":\"https:\\\/\\\/trimaransvrlazartigue.com\\\/\",\"name\":\"Trimaran SVR Lazartigue\",\"description\":\"D\u00e9couvrez le site du Trimaran du groupe Kresk.\",\"publisher\":{\"@id\":\"https:\\\/\\\/trimaransvrlazartigue.com\\\/#organization\"},\"potentialAction\":[{\"@type\":\"SearchAction\",\"target\":{\"@type\":\"EntryPoint\",\"urlTemplate\":\"https:\\\/\\\/trimaransvrlazartigue.com\\\/?s={search_term_string}\"},\"query-input\":{\"@type\":\"PropertyValueSpecification\",\"valueRequired\":true,\"valueName\":\"search_term_string\"}}],\"inLanguage\":\"en-US\"},{\"@type\":\"Organization\",\"@id\":\"https:\\\/\\\/trimaransvrlazartigue.com\\\/#organization\",\"name\":\"Trimaran SVR Lazartigue\",\"url\":\"https:\\\/\\\/trimaransvrlazartigue.com\\\/\",\"logo\":{\"@type\":\"ImageObject\",\"inLanguage\":\"en-US\",\"@id\":\"https:\\\/\\\/trimaransvrlazartigue.com\\\/#\\\/schema\\\/logo\\\/image\\\/\",\"url\":\"https:\\\/\\\/trimaransvrlazartigue.com\\\/wp-content\\\/uploads\\\/2021\\\/10\\\/Logo-2-Trimaran-SVR-Lazartigue-blanc.svg\",\"contentUrl\":\"https:\\\/\\\/trimaransvrlazartigue.com\\\/wp-content\\\/uploads\\\/2021\\\/10\\\/Logo-2-Trimaran-SVR-Lazartigue-blanc.svg\",\"width\":120,\"height\":62,\"caption\":\"Trimaran SVR Lazartigue\"},\"image\":{\"@id\":\"https:\\\/\\\/trimaransvrlazartigue.com\\\/#\\\/schema\\\/logo\\\/image\\\/\"}}]}<\/script>\n<!-- \/ Yoast SEO plugin. -->","yoast_head_json":{"title":"Jean-Marie Cl\u00e9ment - Trimaran SVR Lazartigue","robots":{"index":"index","follow":"follow","max-snippet":"max-snippet:-1","max-image-preview":"max-image-preview:large","max-video-preview":"max-video-preview:-1"},"canonical":"https:\/\/trimaransvrlazartigue.com\/en\/equipe\/jean-marie-clement\/","og_locale":"en_US","og_type":"article","og_title":"Jean-Marie Cl\u00e9ment - Trimaran SVR Lazartigue","og_description":"Jean-Marie Cl\u00e9ment Responsable \u00e9lectronique \u00a0 Mon travail s\u2019articule autour des syst\u00e8mes \u00e9lectroniques \u00e0 bord du bateau, notamment les syst\u00e8mes informatiques et de communications avec la Terre. Participer \u00e0 un projet sportif de cette ampleur est une opportunit\u00e9 exceptionnelle pousse \u00e0 chaque fois \u00e0 chercher les meilleures solutions pour permettre \u00e0 Fran\u00e7ois et au bateau de [&hellip;]","og_url":"https:\/\/trimaransvrlazartigue.com\/en\/equipe\/jean-marie-clement\/","og_site_name":"Trimaran SVR Lazartigue","article_modified_time":"2025-09-15T18:53:14+00:00","og_image":[{"width":1707,"height":1620,"url":"https:\/\/trimaransvrlazartigue.com\/wp-content\/uploads\/2022\/05\/PORTRAIT_MER_CONCEPT_2025_PARTIE_2-2-scaled-e1757962386858.jpg","type":"image\/jpeg"}],"twitter_card":"summary_large_image","twitter_misc":{"Est. reading time":"1 minute"},"schema":{"@context":"https:\/\/schema.org","@graph":[{"@type":"WebPage","@id":"https:\/\/trimaransvrlazartigue.com\/equipe\/jean-marie-clement\/","url":"https:\/\/trimaransvrlazartigue.com\/equipe\/jean-marie-clement\/","name":"Jean-Marie Cl\u00e9ment - Trimaran SVR Lazartigue","isPartOf":{"@id":"https:\/\/trimaransvrlazartigue.com\/#website"},"primaryImageOfPage":{"@id":"https:\/\/trimaransvrlazartigue.com\/equipe\/jean-marie-clement\/#primaryimage"},"image":{"@id":"https:\/\/trimaransvrlazartigue.com\/equipe\/jean-marie-clement\/#primaryimage"},"thumbnailUrl":"https:\/\/trimaransvrlazartigue.com\/wp-content\/uploads\/2022\/05\/PORTRAIT_MER_CONCEPT_2025_PARTIE_2-2-scaled-e1757962386858.jpg","datePublished":"2022-05-13T14:20:47+00:00","dateModified":"2025-09-15T18:53:14+00:00","breadcrumb":{"@id":"https:\/\/trimaransvrlazartigue.com\/equipe\/jean-marie-clement\/#breadcrumb"},"inLanguage":"en-US","potentialAction":[{"@type":"ReadAction","target":["https:\/\/trimaransvrlazartigue.com\/equipe\/jean-marie-clement\/"]}]},{"@type":"ImageObject","inLanguage":"en-US","@id":"https:\/\/trimaransvrlazartigue.com\/equipe\/jean-marie-clement\/#primaryimage","url":"https:\/\/trimaransvrlazartigue.com\/wp-content\/uploads\/2022\/05\/PORTRAIT_MER_CONCEPT_2025_PARTIE_2-2-scaled-e1757962386858.jpg","contentUrl":"https:\/\/trimaransvrlazartigue.com\/wp-content\/uploads\/2022\/05\/PORTRAIT_MER_CONCEPT_2025_PARTIE_2-2-scaled-e1757962386858.jpg","width":1707,"height":1620},{"@type":"BreadcrumbList","@id":"https:\/\/trimaransvrlazartigue.com\/equipe\/jean-marie-clement\/#breadcrumb","itemListElement":[{"@type":"ListItem","position":1,"name":"Accueil","item":"https:\/\/trimaransvrlazartigue.com\/"},{"@type":"ListItem","position":2,"name":"Jean-Marie Cl\u00e9ment"}]},{"@type":"WebSite","@id":"https:\/\/trimaransvrlazartigue.com\/#website","url":"https:\/\/trimaransvrlazartigue.com\/","name":"Trimaran SVR Lazartigue","description":"Discover the Trimaran website of the Kresk Group.","publisher":{"@id":"https:\/\/trimaransvrlazartigue.com\/#organization"},"potentialAction":[{"@type":"SearchAction","target":{"@type":"EntryPoint","urlTemplate":"https:\/\/trimaransvrlazartigue.com\/?s={search_term_string}"},"query-input":{"@type":"PropertyValueSpecification","valueRequired":true,"valueName":"search_term_string"}}],"inLanguage":"en-US"},{"@type":"Organization","@id":"https:\/\/trimaransvrlazartigue.com\/#organization","name":"Trimaran SVR Lazartigue","url":"https:\/\/trimaransvrlazartigue.com\/","logo":{"@type":"ImageObject","inLanguage":"en-US","@id":"https:\/\/trimaransvrlazartigue.com\/#\/schema\/logo\/image\/","url":"https:\/\/trimaransvrlazartigue.com\/wp-content\/uploads\/2021\/10\/Logo-2-Trimaran-SVR-Lazartigue-blanc.svg","contentUrl":"https:\/\/trimaransvrlazartigue.com\/wp-content\/uploads\/2021\/10\/Logo-2-Trimaran-SVR-Lazartigue-blanc.svg","width":120,"height":62,"caption":"Trimaran SVR Lazartigue"},"image":{"@id":"https:\/\/trimaransvrlazartigue.com\/#\/schema\/logo\/image\/"}}]}},"_links":{"self":[{"href":"https:\/\/trimaransvrlazartigue.com\/en\/wp-json\/wp\/v2\/arts_portfolio_item\/8967","targetHints":{"allow":["GET"]}}],"collection":[{"href":"https:\/\/trimaransvrlazartigue.com\/en\/wp-json\/wp\/v2\/arts_portfolio_item"}],"about":[{"href":"https:\/\/trimaransvrlazartigue.com\/en\/wp-json\/wp\/v2\/types\/arts_portfolio_item"}],"version-history":[{"count":13,"href":"https:\/\/trimaransvrlazartigue.com\/en\/wp-json\/wp\/v2\/arts_portfolio_item\/8967\/revisions"}],"predecessor-version":[{"id":27670,"href":"https:\/\/trimaransvrlazartigue.com\/en\/wp-json\/wp\/v2\/arts_portfolio_item\/8967\/revisions\/27670"}],"wp:featuredmedia":[{"embeddable":true,"href":"https:\/\/trimaransvrlazartigue.com\/en\/wp-json\/wp\/v2\/media\/29905"}],"wp:attachment":[{"href":"https:\/\/trimaransvrlazartigue.com\/en\/wp-json\/wp\/v2\/media?parent=8967"}],"curies":[{"name":"wp","href":"https:\/\/api.w.org\/{rel}","templated":true}]}}

Jean-Marie Clément

<!-- This site is optimized with the Yoast SEO plugin v27.5 - https://yoast.com/product/yoast-seo-wordpress/ -->
<title>Jean-Marie Clément - Trimaran SVR Lazartigue</title>
<meta name="robots" content="index, follow, max-snippet:-1, max-image-preview:large, max-video-preview:-1" />
<link rel="canonical" href="https://trimaransvrlazartigue.com/en/equipe/jean-marie-clement/" />
<meta property="og:locale" content="en_US" />
<meta property="og:type" content="article" />
<meta property="og:title" content="Jean-Marie Clément - Trimaran SVR Lazartigue" />
<meta property="og:description" content="Jean-Marie Clément Responsable électronique   Mon travail s’articule autour des systèmes électroniques à bord du bateau, notamment les systèmes informatiques et de communications avec la Terre. Participer à un projet sportif de cette ampleur est une opportunité exceptionnelle pousse à chaque fois à chercher les meilleures solutions pour permettre à François et au bateau de [&hellip;]" />
<meta property="og:url" content="https://trimaransvrlazartigue.com/en/equipe/jean-marie-clement/" />
<meta property="og:site_name" content="Trimaran SVR Lazartigue" />
<meta property="article:modified_time" content="2025-09-15T18:53:14+00:00" />
<meta property="og:image" content="https://trimaransvrlazartigue.com/wp-content/uploads/2022/05/PORTRAIT_MER_CONCEPT_2025_PARTIE_2-2-scaled-e1757962386858.jpg" />
	<meta property="og:image:width" content="1707" />
	<meta property="og:image:height" content="1620" />
	<meta property="og:image:type" content="image/jpeg" />
<meta name="twitter:card" content="summary_large_image" />
<meta name="twitter:label1" content="Est. reading time" />
	<meta name="twitter:data1" content="1 minute" />
<script type="application/ld+json" class="yoast-schema-graph">{"@context":"https:\/\/schema.org","@graph":[{"@type":"WebPage","@id":"https:\/\/trimaransvrlazartigue.com\/equipe\/jean-marie-clement\/","url":"https:\/\/trimaransvrlazartigue.com\/equipe\/jean-marie-clement\/","name":"Jean-Marie Clément - Trimaran SVR Lazartigue","isPartOf":{"@id":"https:\/\/trimaransvrlazartigue.com\/#website"},"primaryImageOfPage":{"@id":"https:\/\/trimaransvrlazartigue.com\/equipe\/jean-marie-clement\/#primaryimage"},"image":{"@id":"https:\/\/trimaransvrlazartigue.com\/equipe\/jean-marie-clement\/#primaryimage"},"thumbnailUrl":"https:\/\/trimaransvrlazartigue.com\/wp-content\/uploads\/2022\/05\/PORTRAIT_MER_CONCEPT_2025_PARTIE_2-2-scaled-e1757962386858.jpg","datePublished":"2022-05-13T14:20:47+00:00","dateModified":"2025-09-15T18:53:14+00:00","breadcrumb":{"@id":"https:\/\/trimaransvrlazartigue.com\/equipe\/jean-marie-clement\/#breadcrumb"},"inLanguage":"en-US","potentialAction":[{"@type":"ReadAction","target":["https:\/\/trimaransvrlazartigue.com\/equipe\/jean-marie-clement\/"]}]},{"@type":"ImageObject","inLanguage":"en-US","@id":"https:\/\/trimaransvrlazartigue.com\/equipe\/jean-marie-clement\/#primaryimage","url":"https:\/\/trimaransvrlazartigue.com\/wp-content\/uploads\/2022\/05\/PORTRAIT_MER_CONCEPT_2025_PARTIE_2-2-scaled-e1757962386858.jpg","contentUrl":"https:\/\/trimaransvrlazartigue.com\/wp-content\/uploads\/2022\/05\/PORTRAIT_MER_CONCEPT_2025_PARTIE_2-2-scaled-e1757962386858.jpg","width":1707,"height":1620},{"@type":"BreadcrumbList","@id":"https:\/\/trimaransvrlazartigue.com\/equipe\/jean-marie-clement\/#breadcrumb","itemListElement":[{"@type":"ListItem","position":1,"name":"Accueil","item":"https:\/\/trimaransvrlazartigue.com\/"},{"@type":"ListItem","position":2,"name":"Jean-Marie Clément"}]},{"@type":"WebSite","@id":"https:\/\/trimaransvrlazartigue.com\/#website","url":"https:\/\/trimaransvrlazartigue.com\/","name":"Trimaran SVR Lazartigue","description":"Découvrez le site du Trimaran du groupe Kresk.","publisher":{"@id":"https:\/\/trimaransvrlazartigue.com\/#organization"},"potentialAction":[{"@type":"SearchAction","target":{"@type":"EntryPoint","urlTemplate":"https:\/\/trimaransvrlazartigue.com\/?s={search_term_string}"},"query-input":{"@type":"PropertyValueSpecification","valueRequired":true,"valueName":"search_term_string"}}],"inLanguage":"en-US"},{"@type":"Organization","@id":"https:\/\/trimaransvrlazartigue.com\/#organization","name":"Trimaran SVR Lazartigue","url":"https:\/\/trimaransvrlazartigue.com\/","logo":{"@type":"ImageObject","inLanguage":"en-US","@id":"https:\/\/trimaransvrlazartigue.com\/#\/schema\/logo\/image\/","url":"https:\/\/trimaransvrlazartigue.com\/wp-content\/uploads\/2021\/10\/Logo-2-Trimaran-SVR-Lazartigue-blanc.svg","contentUrl":"https:\/\/trimaransvrlazartigue.com\/wp-content\/uploads\/2021\/10\/Logo-2-Trimaran-SVR-Lazartigue-blanc.svg","width":120,"height":62,"caption":"Trimaran SVR Lazartigue"},"image":{"@id":"https:\/\/trimaransvrlazartigue.com\/#\/schema\/logo\/image\/"}}]}</script>
<!-- / Yoast SEO plugin. -->

Jean-Marie Clément - Trimaran SVR Lazartigue

Jean-Marie Clément Responsable électronique   Mon travail s’articule autour des systèmes électroniques à bord du bateau, notamment les systèmes informatiques et de communications avec la Terre. Participer à un projet sportif de cette ampleur est une opportunité exceptionnelle pousse à chaque fois à chercher les meilleures solutions pour permettre à François et au bateau de [&hellip;]
