{"id":8930,"date":"2022-05-06T13:21:25","date_gmt":"2022-05-06T13:21:25","guid":{"rendered":"https:\/\/trimaransvrlazartigue.com\/?post_type=arts_portfolio_item&#038;p=8930"},"modified":"2025-07-08T09:29:15","modified_gmt":"2025-07-08T09:29:15","slug":"francois-gabart","status":"publish","type":"arts_portfolio_item","link":"https:\/\/trimaransvrlazartigue.com\/en\/equipe\/francois-gabart\/","title":{"rendered":"Fran\u00e7ois Gabart"},"featured_media":8931,"template":"","class_list":["post-8930","arts_portfolio_item","type-arts_portfolio_item","status-publish","has-post-thumbnail","hentry","arts_portfolio_category-ambassadeur"],"acf":[],"yoast_head":"<!-- This site is optimized with the Yoast SEO plugin v27.5 - https:\/\/yoast.com\/product\/yoast-seo-wordpress\/ -->\n<title>Fran\u00e7ois Gabart - Trimaran SVR Lazartigue<\/title>\n<meta name=\"robots\" content=\"index, follow, max-snippet:-1, max-image-preview:large, max-video-preview:-1\" \/>\n<link rel=\"canonical\" href=\"https:\/\/trimaransvrlazartigue.com\/en\/equipe\/francois-gabart\/\" \/>\n<meta property=\"og:locale\" content=\"en_US\" \/>\n<meta property=\"og:type\" content=\"article\" \/>\n<meta property=\"og:title\" content=\"Fran\u00e7ois Gabart - Trimaran SVR Lazartigue\" \/>\n<meta property=\"og:description\" content=\"Fran\u00e7ois Gabart Ambassadeur Apr\u00e8s avoir fait ses armes sur le circuit Figaro en 2008,\u00a0Fran\u00e7ois Gabart\u00a0remporte\u00a0\u00e0 l\u2019\u00e2ge de 29 ans le Vend\u00e9e Globe 2012-2013. Il confirme son talent sur la Route du Rhum l\u2019ann\u00e9e suivante. \u00c0 partir de 2015, il change de dimension et se consacre \u00e0 la classe Ultim, des trimarans g\u00e9ants de 32 m\u00e8tres. [&hellip;]\" \/>\n<meta property=\"og:url\" content=\"https:\/\/trimaransvrlazartigue.com\/en\/equipe\/francois-gabart\/\" \/>\n<meta property=\"og:site_name\" content=\"Trimaran SVR Lazartigue\" \/>\n<meta property=\"article:modified_time\" content=\"2025-07-08T09:29:15+00:00\" \/>\n<meta property=\"og:image\" content=\"https:\/\/trimaransvrlazartigue.com\/wp-content\/uploads\/2022\/05\/231021_MC2154_Guillaume-Gatefait_129-scaled-e1652451233675.jpg\" \/>\n\t<meta property=\"og:image:width\" content=\"1152\" \/>\n\t<meta property=\"og:image:height\" content=\"1022\" \/>\n\t<meta property=\"og:image:type\" content=\"image\/jpeg\" \/>\n<meta name=\"twitter:card\" content=\"summary_large_image\" \/>\n<meta name=\"twitter:label1\" content=\"Est. reading time\" \/>\n\t<meta name=\"twitter:data1\" content=\"2 minutes\" \/>\n<script type=\"application\/ld+json\" class=\"yoast-schema-graph\">{\"@context\":\"https:\\\/\\\/schema.org\",\"@graph\":[{\"@type\":\"WebPage\",\"@id\":\"https:\\\/\\\/trimaransvrlazartigue.com\\\/equipe\\\/francois-gabart\\\/\",\"url\":\"https:\\\/\\\/trimaransvrlazartigue.com\\\/equipe\\\/francois-gabart\\\/\",\"name\":\"Fran\u00e7ois Gabart - Trimaran SVR Lazartigue\",\"isPartOf\":{\"@id\":\"https:\\\/\\\/trimaransvrlazartigue.com\\\/#website\"},\"primaryImageOfPage\":{\"@id\":\"https:\\\/\\\/trimaransvrlazartigue.com\\\/equipe\\\/francois-gabart\\\/#primaryimage\"},\"image\":{\"@id\":\"https:\\\/\\\/trimaransvrlazartigue.com\\\/equipe\\\/francois-gabart\\\/#primaryimage\"},\"thumbnailUrl\":\"https:\\\/\\\/trimaransvrlazartigue.com\\\/wp-content\\\/uploads\\\/2022\\\/05\\\/231021_MC2154_Guillaume-Gatefait_129-scaled-e1652451233675.jpg\",\"datePublished\":\"2022-05-06T13:21:25+00:00\",\"dateModified\":\"2025-07-08T09:29:15+00:00\",\"breadcrumb\":{\"@id\":\"https:\\\/\\\/trimaransvrlazartigue.com\\\/equipe\\\/francois-gabart\\\/#breadcrumb\"},\"inLanguage\":\"en-US\",\"potentialAction\":[{\"@type\":\"ReadAction\",\"target\":[\"https:\\\/\\\/trimaransvrlazartigue.com\\\/equipe\\\/francois-gabart\\\/\"]}]},{\"@type\":\"ImageObject\",\"inLanguage\":\"en-US\",\"@id\":\"https:\\\/\\\/trimaransvrlazartigue.com\\\/equipe\\\/francois-gabart\\\/#primaryimage\",\"url\":\"https:\\\/\\\/trimaransvrlazartigue.com\\\/wp-content\\\/uploads\\\/2022\\\/05\\\/231021_MC2154_Guillaume-Gatefait_129-scaled-e1652451233675.jpg\",\"contentUrl\":\"https:\\\/\\\/trimaransvrlazartigue.com\\\/wp-content\\\/uploads\\\/2022\\\/05\\\/231021_MC2154_Guillaume-Gatefait_129-scaled-e1652451233675.jpg\",\"width\":1152,\"height\":1022,\"caption\":\"Banque Image Transat Jacques Vabre Trimaran SVR-LAZARIGUE\"},{\"@type\":\"BreadcrumbList\",\"@id\":\"https:\\\/\\\/trimaransvrlazartigue.com\\\/equipe\\\/francois-gabart\\\/#breadcrumb\",\"itemListElement\":[{\"@type\":\"ListItem\",\"position\":1,\"name\":\"Accueil\",\"item\":\"https:\\\/\\\/trimaransvrlazartigue.com\\\/\"},{\"@type\":\"ListItem\",\"position\":2,\"name\":\"Fran\u00e7ois Gabart\"}]},{\"@type\":\"WebSite\",\"@id\":\"https:\\\/\\\/trimaransvrlazartigue.com\\\/#website\",\"url\":\"https:\\\/\\\/trimaransvrlazartigue.com\\\/\",\"name\":\"Trimaran SVR Lazartigue\",\"description\":\"D\u00e9couvrez le site du Trimaran du groupe Kresk.\",\"publisher\":{\"@id\":\"https:\\\/\\\/trimaransvrlazartigue.com\\\/#organization\"},\"potentialAction\":[{\"@type\":\"SearchAction\",\"target\":{\"@type\":\"EntryPoint\",\"urlTemplate\":\"https:\\\/\\\/trimaransvrlazartigue.com\\\/?s={search_term_string}\"},\"query-input\":{\"@type\":\"PropertyValueSpecification\",\"valueRequired\":true,\"valueName\":\"search_term_string\"}}],\"inLanguage\":\"en-US\"},{\"@type\":\"Organization\",\"@id\":\"https:\\\/\\\/trimaransvrlazartigue.com\\\/#organization\",\"name\":\"Trimaran SVR Lazartigue\",\"url\":\"https:\\\/\\\/trimaransvrlazartigue.com\\\/\",\"logo\":{\"@type\":\"ImageObject\",\"inLanguage\":\"en-US\",\"@id\":\"https:\\\/\\\/trimaransvrlazartigue.com\\\/#\\\/schema\\\/logo\\\/image\\\/\",\"url\":\"https:\\\/\\\/trimaransvrlazartigue.com\\\/wp-content\\\/uploads\\\/2021\\\/10\\\/Logo-2-Trimaran-SVR-Lazartigue-blanc.svg\",\"contentUrl\":\"https:\\\/\\\/trimaransvrlazartigue.com\\\/wp-content\\\/uploads\\\/2021\\\/10\\\/Logo-2-Trimaran-SVR-Lazartigue-blanc.svg\",\"width\":120,\"height\":62,\"caption\":\"Trimaran SVR Lazartigue\"},\"image\":{\"@id\":\"https:\\\/\\\/trimaransvrlazartigue.com\\\/#\\\/schema\\\/logo\\\/image\\\/\"}}]}<\/script>\n<!-- \/ Yoast SEO plugin. -->","yoast_head_json":{"title":"Fran\u00e7ois Gabart - Trimaran SVR Lazartigue","robots":{"index":"index","follow":"follow","max-snippet":"max-snippet:-1","max-image-preview":"max-image-preview:large","max-video-preview":"max-video-preview:-1"},"canonical":"https:\/\/trimaransvrlazartigue.com\/en\/equipe\/francois-gabart\/","og_locale":"en_US","og_type":"article","og_title":"Fran\u00e7ois Gabart - Trimaran SVR Lazartigue","og_description":"Fran\u00e7ois Gabart Ambassadeur Apr\u00e8s avoir fait ses armes sur le circuit Figaro en 2008,\u00a0Fran\u00e7ois Gabart\u00a0remporte\u00a0\u00e0 l\u2019\u00e2ge de 29 ans le Vend\u00e9e Globe 2012-2013. Il confirme son talent sur la Route du Rhum l\u2019ann\u00e9e suivante. \u00c0 partir de 2015, il change de dimension et se consacre \u00e0 la classe Ultim, des trimarans g\u00e9ants de 32 m\u00e8tres. [&hellip;]","og_url":"https:\/\/trimaransvrlazartigue.com\/en\/equipe\/francois-gabart\/","og_site_name":"Trimaran SVR Lazartigue","article_modified_time":"2025-07-08T09:29:15+00:00","og_image":[{"width":1152,"height":1022,"url":"https:\/\/trimaransvrlazartigue.com\/wp-content\/uploads\/2022\/05\/231021_MC2154_Guillaume-Gatefait_129-scaled-e1652451233675.jpg","type":"image\/jpeg"}],"twitter_card":"summary_large_image","twitter_misc":{"Est. reading time":"2 minutes"},"schema":{"@context":"https:\/\/schema.org","@graph":[{"@type":"WebPage","@id":"https:\/\/trimaransvrlazartigue.com\/equipe\/francois-gabart\/","url":"https:\/\/trimaransvrlazartigue.com\/equipe\/francois-gabart\/","name":"Fran\u00e7ois Gabart - Trimaran SVR Lazartigue","isPartOf":{"@id":"https:\/\/trimaransvrlazartigue.com\/#website"},"primaryImageOfPage":{"@id":"https:\/\/trimaransvrlazartigue.com\/equipe\/francois-gabart\/#primaryimage"},"image":{"@id":"https:\/\/trimaransvrlazartigue.com\/equipe\/francois-gabart\/#primaryimage"},"thumbnailUrl":"https:\/\/trimaransvrlazartigue.com\/wp-content\/uploads\/2022\/05\/231021_MC2154_Guillaume-Gatefait_129-scaled-e1652451233675.jpg","datePublished":"2022-05-06T13:21:25+00:00","dateModified":"2025-07-08T09:29:15+00:00","breadcrumb":{"@id":"https:\/\/trimaransvrlazartigue.com\/equipe\/francois-gabart\/#breadcrumb"},"inLanguage":"en-US","potentialAction":[{"@type":"ReadAction","target":["https:\/\/trimaransvrlazartigue.com\/equipe\/francois-gabart\/"]}]},{"@type":"ImageObject","inLanguage":"en-US","@id":"https:\/\/trimaransvrlazartigue.com\/equipe\/francois-gabart\/#primaryimage","url":"https:\/\/trimaransvrlazartigue.com\/wp-content\/uploads\/2022\/05\/231021_MC2154_Guillaume-Gatefait_129-scaled-e1652451233675.jpg","contentUrl":"https:\/\/trimaransvrlazartigue.com\/wp-content\/uploads\/2022\/05\/231021_MC2154_Guillaume-Gatefait_129-scaled-e1652451233675.jpg","width":1152,"height":1022,"caption":"Banque Image Transat Jacques Vabre Trimaran SVR-LAZARIGUE"},{"@type":"BreadcrumbList","@id":"https:\/\/trimaransvrlazartigue.com\/equipe\/francois-gabart\/#breadcrumb","itemListElement":[{"@type":"ListItem","position":1,"name":"Accueil","item":"https:\/\/trimaransvrlazartigue.com\/"},{"@type":"ListItem","position":2,"name":"Fran\u00e7ois Gabart"}]},{"@type":"WebSite","@id":"https:\/\/trimaransvrlazartigue.com\/#website","url":"https:\/\/trimaransvrlazartigue.com\/","name":"Trimaran SVR Lazartigue","description":"Discover the Trimaran website of the Kresk Group.","publisher":{"@id":"https:\/\/trimaransvrlazartigue.com\/#organization"},"potentialAction":[{"@type":"SearchAction","target":{"@type":"EntryPoint","urlTemplate":"https:\/\/trimaransvrlazartigue.com\/?s={search_term_string}"},"query-input":{"@type":"PropertyValueSpecification","valueRequired":true,"valueName":"search_term_string"}}],"inLanguage":"en-US"},{"@type":"Organization","@id":"https:\/\/trimaransvrlazartigue.com\/#organization","name":"Trimaran SVR Lazartigue","url":"https:\/\/trimaransvrlazartigue.com\/","logo":{"@type":"ImageObject","inLanguage":"en-US","@id":"https:\/\/trimaransvrlazartigue.com\/#\/schema\/logo\/image\/","url":"https:\/\/trimaransvrlazartigue.com\/wp-content\/uploads\/2021\/10\/Logo-2-Trimaran-SVR-Lazartigue-blanc.svg","contentUrl":"https:\/\/trimaransvrlazartigue.com\/wp-content\/uploads\/2021\/10\/Logo-2-Trimaran-SVR-Lazartigue-blanc.svg","width":120,"height":62,"caption":"Trimaran SVR Lazartigue"},"image":{"@id":"https:\/\/trimaransvrlazartigue.com\/#\/schema\/logo\/image\/"}}]}},"_links":{"self":[{"href":"https:\/\/trimaransvrlazartigue.com\/en\/wp-json\/wp\/v2\/arts_portfolio_item\/8930","targetHints":{"allow":["GET"]}}],"collection":[{"href":"https:\/\/trimaransvrlazartigue.com\/en\/wp-json\/wp\/v2\/arts_portfolio_item"}],"about":[{"href":"https:\/\/trimaransvrlazartigue.com\/en\/wp-json\/wp\/v2\/types\/arts_portfolio_item"}],"version-history":[{"count":8,"href":"https:\/\/trimaransvrlazartigue.com\/en\/wp-json\/wp\/v2\/arts_portfolio_item\/8930\/revisions"}],"predecessor-version":[{"id":29818,"href":"https:\/\/trimaransvrlazartigue.com\/en\/wp-json\/wp\/v2\/arts_portfolio_item\/8930\/revisions\/29818"}],"wp:featuredmedia":[{"embeddable":true,"href":"https:\/\/trimaransvrlazartigue.com\/en\/wp-json\/wp\/v2\/media\/8931"}],"wp:attachment":[{"href":"https:\/\/trimaransvrlazartigue.com\/en\/wp-json\/wp\/v2\/media?parent=8930"}],"curies":[{"name":"wp","href":"https:\/\/api.w.org\/{rel}","templated":true}]}}

François Gabart

<!-- This site is optimized with the Yoast SEO plugin v27.5 - https://yoast.com/product/yoast-seo-wordpress/ -->
<title>François Gabart - Trimaran SVR Lazartigue</title>
<meta name="robots" content="index, follow, max-snippet:-1, max-image-preview:large, max-video-preview:-1" />
<link rel="canonical" href="https://trimaransvrlazartigue.com/en/equipe/francois-gabart/" />
<meta property="og:locale" content="en_US" />
<meta property="og:type" content="article" />
<meta property="og:title" content="François Gabart - Trimaran SVR Lazartigue" />
<meta property="og:description" content="François Gabart Ambassadeur Après avoir fait ses armes sur le circuit Figaro en 2008, François Gabart remporte à l’âge de 29 ans le Vendée Globe 2012-2013. Il confirme son talent sur la Route du Rhum l’année suivante. À partir de 2015, il change de dimension et se consacre à la classe Ultim, des trimarans géants de 32 mètres. [&hellip;]" />
<meta property="og:url" content="https://trimaransvrlazartigue.com/en/equipe/francois-gabart/" />
<meta property="og:site_name" content="Trimaran SVR Lazartigue" />
<meta property="article:modified_time" content="2025-07-08T09:29:15+00:00" />
<meta property="og:image" content="https://trimaransvrlazartigue.com/wp-content/uploads/2022/05/231021_MC2154_Guillaume-Gatefait_129-scaled-e1652451233675.jpg" />
	<meta property="og:image:width" content="1152" />
	<meta property="og:image:height" content="1022" />
	<meta property="og:image:type" content="image/jpeg" />
<meta name="twitter:card" content="summary_large_image" />
<meta name="twitter:label1" content="Est. reading time" />
	<meta name="twitter:data1" content="2 minutes" />
<script type="application/ld+json" class="yoast-schema-graph">{"@context":"https:\/\/schema.org","@graph":[{"@type":"WebPage","@id":"https:\/\/trimaransvrlazartigue.com\/equipe\/francois-gabart\/","url":"https:\/\/trimaransvrlazartigue.com\/equipe\/francois-gabart\/","name":"François Gabart - Trimaran SVR Lazartigue","isPartOf":{"@id":"https:\/\/trimaransvrlazartigue.com\/#website"},"primaryImageOfPage":{"@id":"https:\/\/trimaransvrlazartigue.com\/equipe\/francois-gabart\/#primaryimage"},"image":{"@id":"https:\/\/trimaransvrlazartigue.com\/equipe\/francois-gabart\/#primaryimage"},"thumbnailUrl":"https:\/\/trimaransvrlazartigue.com\/wp-content\/uploads\/2022\/05\/231021_MC2154_Guillaume-Gatefait_129-scaled-e1652451233675.jpg","datePublished":"2022-05-06T13:21:25+00:00","dateModified":"2025-07-08T09:29:15+00:00","breadcrumb":{"@id":"https:\/\/trimaransvrlazartigue.com\/equipe\/francois-gabart\/#breadcrumb"},"inLanguage":"en-US","potentialAction":[{"@type":"ReadAction","target":["https:\/\/trimaransvrlazartigue.com\/equipe\/francois-gabart\/"]}]},{"@type":"ImageObject","inLanguage":"en-US","@id":"https:\/\/trimaransvrlazartigue.com\/equipe\/francois-gabart\/#primaryimage","url":"https:\/\/trimaransvrlazartigue.com\/wp-content\/uploads\/2022\/05\/231021_MC2154_Guillaume-Gatefait_129-scaled-e1652451233675.jpg","contentUrl":"https:\/\/trimaransvrlazartigue.com\/wp-content\/uploads\/2022\/05\/231021_MC2154_Guillaume-Gatefait_129-scaled-e1652451233675.jpg","width":1152,"height":1022,"caption":"Banque Image Transat Jacques Vabre Trimaran SVR-LAZARIGUE"},{"@type":"BreadcrumbList","@id":"https:\/\/trimaransvrlazartigue.com\/equipe\/francois-gabart\/#breadcrumb","itemListElement":[{"@type":"ListItem","position":1,"name":"Accueil","item":"https:\/\/trimaransvrlazartigue.com\/"},{"@type":"ListItem","position":2,"name":"François Gabart"}]},{"@type":"WebSite","@id":"https:\/\/trimaransvrlazartigue.com\/#website","url":"https:\/\/trimaransvrlazartigue.com\/","name":"Trimaran SVR Lazartigue","description":"Découvrez le site du Trimaran du groupe Kresk.","publisher":{"@id":"https:\/\/trimaransvrlazartigue.com\/#organization"},"potentialAction":[{"@type":"SearchAction","target":{"@type":"EntryPoint","urlTemplate":"https:\/\/trimaransvrlazartigue.com\/?s={search_term_string}"},"query-input":{"@type":"PropertyValueSpecification","valueRequired":true,"valueName":"search_term_string"}}],"inLanguage":"en-US"},{"@type":"Organization","@id":"https:\/\/trimaransvrlazartigue.com\/#organization","name":"Trimaran SVR Lazartigue","url":"https:\/\/trimaransvrlazartigue.com\/","logo":{"@type":"ImageObject","inLanguage":"en-US","@id":"https:\/\/trimaransvrlazartigue.com\/#\/schema\/logo\/image\/","url":"https:\/\/trimaransvrlazartigue.com\/wp-content\/uploads\/2021\/10\/Logo-2-Trimaran-SVR-Lazartigue-blanc.svg","contentUrl":"https:\/\/trimaransvrlazartigue.com\/wp-content\/uploads\/2021\/10\/Logo-2-Trimaran-SVR-Lazartigue-blanc.svg","width":120,"height":62,"caption":"Trimaran SVR Lazartigue"},"image":{"@id":"https:\/\/trimaransvrlazartigue.com\/#\/schema\/logo\/image\/"}}]}</script>
<!-- / Yoast SEO plugin. -->

François Gabart - Trimaran SVR Lazartigue

François Gabart Ambassadeur Après avoir fait ses armes sur le circuit Figaro en 2008, François Gabart remporte à l’âge de 29 ans le Vendée Globe 2012-2013. Il confirme son talent sur la Route du Rhum l’année suivante. À partir de 2015, il change de dimension et se consacre à la classe Ultim, des trimarans géants de 32 mètres. [&hellip;]
